*c = -313 + 101, 3*k - 5*c - 624 = 0. Let u = k - 103. What is the units digit of u?
0
Suppose -3*m = 3*t + 6, 2*m + 10 + 0 = -5*t. Suppose -2*u - 5*g + 12 = 0, 4*g - 8 = -m*g. What is the tens digit of -6*(u + 40/(-12))?
1
Let o = 1 - 3. Let l(g) = -16*g**3 + g**2 - g + 2. What is the units digit of l(o)?
6
Let k be 4*1 - (5 + -5). What is the units digit of (-4)/k + 118*1?
7
Let i(n) be the first derivative of 11*n**3/3 + n + 8. Let y(m) = -m**2 + 7*m - 5. Let c be y(6). What is the tens digit of i(c)?
1
Suppose 13 = 3*k - 26. Let d = k - -20. What is the units digit of d?
3
Let q(t) = 33*t**3 + 5. What is the units digit of q(3)?
6
Suppose 6*t = -4*t. Suppose z - 2*y + 4 = t, -y + 5*y + 4 = 5*z. What is the units digit of z?
4
Let g = 7 + -8. Let h = 1 + g. Suppose 4*j + 5*s - 121 = h, 3*s = 4*j + 7*s - 120. What is the tens digit of j?
2
Let i(d) = -4*d + 3. Let s be i(-2). Let l be (s + -10)*(460 + -1). What is the tens digit of ((-3)/(-9))/(3/l)?
5
Suppose -s + 5*j = -4*s + 1886, -5*s = -4*j - 3205. What is the tens digit of s?
3
Let f(a) be the third derivative of a**6/120 + a**5/6 - 13*a**4/24 - 4*a**3/3 - 4*a**2. What is the hundreds digit of f(-10)?
1
Let l(h) be the second derivative of 4/3*h**3 - 1/12*h**4 + 2*h + 0 + 5/2*h**2. What is the units digit of l(7)?
2
Let q(l) = -3*l**2 - 4*l + 16. Let d be q(6). Let n = 275 + d. What is the hundreds digit of n?
1
Let j(b) = -b**2 - 69*b + 117. What is the hundreds digit of j(-52)?
0
Let z be (-6)/(2/5*(10 - 5)). Let u(j) = -j**2 + j - 1. Let v(h) = 3*h**2 - 2*h + 6. Let f(c) = -4*u(c) - v(c). What is the tens digit of f(z)?
1
Let c(l) = 82*l - 2. Suppose -3*d + 2*x + 10 = 0, -5 = -d + 5*x + 7. What is the hundreds digit of c(d)?
1
Let p = 35 - 30. Suppose -4*l = m - 11, -4*m + p*l + 183 = 55. What is the units digit of m?
7
What is the tens digit of -121*(-143)/165 - (-2)/15?
0
Suppose -57*q + 2489 = w - 54*q, 0 = 6*q + 12. What is the tens digit of w?
9
Suppose -5*z - 107 + 452 = 0. Suppose -z*w = -63*w - 738. What is the hundreds digit of w?
1
Let p = -66 - -134. Suppose -p*h + 32 = -67*h. What is the units digit of h?
2
Suppose -5*g = 4*c - 210, -2*g + c = -0*c - 84. Let f = g + 37. What is the tens digit of f?
7
Suppose -12429 = -5*d - 4*o, -20*o + 9944 = 4*d - 16*o. What is the hundreds digit of d?
4
Suppose -4*t + 16 + 92 = 0. Let n be 117/t - 8/6. Suppose -6*i = -n*f - i + 200, -4*f + i + 295 = 0. What is the tens digit of f?
7
Let u = 80 + 1475. What is the thousands digit of u?
1
Let h = 23 + -9. Let m(f) = 6 + 6 + 4*f - h + f**3 + 6*f**2. What is the units digit of m(-4)?
4
Suppose 190 + 9 = k. Suppose -690 = -7*v + k. What is the units digit of v?
7
Suppose -9 = 5*h + 6. What is the tens digit of (25/h)/((-13)/39)?
2
Suppose -z + 175 = 5*x + 4*z, -4*x + 2*z + 164 = 0. What is the units digit of 8/10*(11 + x) + -3?
7
Let g(h) = -24*h + 19. Let k(r) = -6*r + 5. Let m(o) = 6*g(o) - 22*k(o). Let x be m(-7). Suppose 0*w + 4*w = x. What is the units digit of w?
2
Let a be (4/(-6))/(2/(-3)). Let n be (a/2)/(6/60). Suppose 0 = n*r + 2*d - 274 + 96, 0 = 5*r - d - 181. What is the tens digit of r?
3
Let v be ((-4)/(-6))/(10/5145). Suppose 11*k = 4*k + v. What is the units digit of k?
9
What is the units digit of 12/(-36) + (-7774)/(-3) + -1?
0
Suppose 0 = -5*s + s + 3*j + 10, 2*s = 3*j + 2. Suppose -91 + 311 = s*k. What is the tens digit of k?
5
Let w(n) = 456*n**2 - 3*n + 1. What is the units digit of w(-1)?
0
Let r(l) = -l. Let d(m) = -7*m - 24. Let x(b) = -d(b) - 2*r(b). What is the hundreds digit of x(10)?
1
Let o(p) be the third derivative of -1/60*p**5 + 0*p + 1/3*p**3 + 0 - 19/24*p**4 + 6*p**2. What is the tens digit of o(-18)?
2
Let v(h) = 62*h**2 + 68*h - 6. What is the thousands digit of v(4)?
1
What is the hundreds digit of (-164142)/(-288) + (-6)/(-96)?
5
Let c = 26 + -26. Suppose 12 = 3*u, 4*u = -c*q + 2*q - 130. What is the units digit of q?
3
Let x = -5 - -8. Let l be x*1/3*-1. What is the tens digit of 469/21 + l/3?
2
Let b(w) be the second derivative of 0 - 4*w - 5/12*w**4 - w**3 - 1/20*w**5 - 3*w**2. What is the units digit of b(-5)?
4
Let a = -1 - -6. Suppose 2*o = -a*x + 21, 1 = 3*o - 4*x + 4. Suppose o*s - 18 = 2*s + 5*d, -2*s + 3*d = -36. What is the tens digit of s?
1
Suppose 0 = -y - 4, -r - 3*y + 242 = -0*r. What is the tens digit of r/4 - (-7)/14?
6
Let z(o) = -o**2 + 4*o + 9. Let a be z(5). Suppose 0 = q + a*q - 810. Suppose 2*j = -2*s + 90, q = 4*s + 5*j - 22. What is the tens digit of s?
4
Suppose 1665*f - 1663*f = 10. Let h(r) = -14*r - 2. Let y be h(-3). Suppose -f*x + y = -x. What is the tens digit of x?
1
Let n(z) = -8*z + 38. Suppose 0 = 4*u + 3*g + 25, 8*g - 5*g - 3 = 0. What is the units digit of n(u)?
4
Suppose 2*k - x + 159 = -17, x + 91 = -k. Let y = k - -149. What is the tens digit of y?
6
What is the units digit of 835/(-15)*3*-1?
7
What is the units digit of (-78)/13*(2 + (-209)/2)?
5
Suppose -47*d + 50*d - 1089 = 0. What is the hundreds digit of d?
3
Let a = 111 - 187. Let j = 132 + a. What is the tens digit of j?
5
Let q = 0 - -2. Let b(c) = 17*c**2 - 2 - c**3 - 31*c**2 + 19*c**q - 3*c. What is the tens digit of b(-3)?
7
Let l be (-28)/3 - 15/(-45). What is the units digit of 24*8 - (-18)/l?
0
Let b(f) = f**3 - f**2 + f - 1. Let m be b(2). Suppose -m*l + 3*j = -319, -2*l - j = -0*j - 132. What is the units digit of l?
5
Let d = 14 - 12. Let m be d/7 + 66/14. Suppose 0 = m*p - 69 - 206. What is the tens digit of p?
5
Let r = 64 - 59. Suppose r*q - 431 - 674 = 0. What is the units digit of q?
1
Let b(u) = 3*u**3 - 10*u**2 + 77. What is the hundreds digit of b(8)?
9
Let j(z) = 2*z**3 - 2*z**2 + z + 0*z**3 + 0*z. Let h be (-12)/48 - (-18)/8. What is the tens digit of j(h)?
1
Suppose 8*h - 1295 = h. Let v = -92 + h. What is the units digit of v?
3
Let t be 4/6 + (-366)/(-18). Suppose 2*g = -g + t. What is the units digit of g?
7
What is the units digit of (-866)/(-8) + (-6)/(-8)?
9
Suppose 0*z = 4*z. Suppose g = -5*p + 43, -2*p + 136 = 4*g - z*p. Let j = -20 + g. What is the units digit of j?
3
Let u(s) be the second derivative of -5*s**3/2 + 11*s**2/2 - 10*s. What is the tens digit of u(-5)?
8
Let c(a) = 27*a**2 - 7*a - 19. What is the tens digit of c(-5)?
9
Let i(z) = z + 9. Let m be i(-7). Suppose -b - 4*b + 76 = 4*q, -4*b - 64 = -m*q. What is the units digit of q?
4
Let j = -271 + 586. What is the hundreds digit of j?
3
Suppose 81*t = 90*t - 11385. What is the units digit of t?
5
Suppose -2*b = b - 2*b. Suppose -1840 = -b*m - 8*m. What is the units digit of m?
0
Let f = -61 - -203. Let a = -37 + f. What is the units digit of a?
5
Let x = -29 + 37. What is the units digit of -92*(-4)/x - -3 - -3?
2
Let j(k) = -k**3 + 3*k**2 + 28. Suppose 2*d = 7*d. What is the units digit of j(d)?
8
Suppose 0 = -l + 5*c + 22, -3*c = -4*l + 51 - 14. What is the units digit of l?
7
Suppose -6*u = -3*a - 4*u + 469, -4*a - 5*u = -656. Suppose 2*k - 5*k + a = 0. Let l = k - 10. What is the tens digit of l?
4
Let b(t) = 93*t - 1. Let s be b(3). Suppose s = 3*q - 2*j, -5*j + 0*j = -2*q + 189. What is the units digit of q?
2
Suppose a = 166 + 20. What is the tens digit of a?
8
Let q(d) = d**2 - 2*d. Let k be q(3). Suppose c + 3*b = -3*c - k, 2 = -2*b. What is the units digit of 5*(4/4 + c)?
5
Let b(f) = 9*f + 23. Let v be (-3)/9*3 - -8. What is the tens digit of b(v)?
8
Let p = -6 - -1. Let w = p + -7. Let h = w - -49. What is the units digit of h?
7
Let v(o) = o**2 + 19*o - 62. What is the hundreds digit of v(-29)?
2
What is the hundreds digit of (-3)/(-5) + 30/75 - -1161?
1
Suppose -2*l + 2958 = -95*q + 96*q, -4*q - 5*l = -11835. What is the hundreds digit of q?
9
Let q = -202 - -270. What is the tens digit of q?
6
Suppose -3*d = -23 + 5. Let r be 423/15 - d/30. Let x = r + -21. What is the units digit of x?
7
Suppose 166*h - 25 = 161*h. What is the units digit of h?
5
Let q(d) = -7 + 23 + 78*d**2 - 100*d**2 + 39*d - d**3. What is the tens digit of q(-24)?
3
Let w(m) = -m - 6. Let g be w(-6). Suppose g = -4*b + b + 30. Suppose v - 79 = -4*o, b = 2*o + 5*v - 7. What is the units digit of o?
1
What is the thousands digit of (15 + -9 - -1899) + 0?
1
Suppose 2*o - 10 = 38. Let f be (-4)/(-2) + (7 - 3). Suppose 3*a + o = f*a. What is the units digit of a?
8
Let l(f) 